hat is the tens digit of h?
2
Suppose 5*u - 208 = -z + 3023, -4 = -4*z. What is the tens digit of u?
4
Suppose 14*l - 2776 = 6*l. What is the tens digit of l?
4
Let u be ((-7)/14)/((-2)/12). Suppose -r = f - 41, -f = u*r - 4*f - 147. What is the tens digit of r?
4
Let o be 2*-4 - (-1 - 3). What is the units digit of (1 + 0 + -11)*o?
0
Suppose 4*j = 1054 - 142. What is the tens digit of j?
2
What is the units digit of 361/(((-1)/(-4))/((-16)/(-32)))?
2
Let z = -1118 + 743. Let j be z*(40/(-15) - -2). Suppose 5*l - j = -5*s, -104 = -4*l + s + 116. What is the units digit of l?
4
Let j = -13 + 13. Let y be -5 + 3 + j + 92. Suppose -y = -7*m + 2*m. What is the units digit of m?
8
Let l(r) = 5*r**3 + 15*r**2 - 97*r + 22. What is the hundreds digit of l(7)?
7
Suppose 0*v + 228 = -4*v + 3*n, 4*v + 5*n = -228. Let g = v - -90. What is the tens digit of g?
3
What is the units digit of (-90)/((4/10)/((-1)/1))?
5
Let s = 45 - 39. Suppose s*v - 49 = -v. What is the units digit of v?
7
Suppose 4*s - 833 = 5*x, 12*s - 15*s = -x - 622. What is the tens digit of s?
0
Let p(n) = -17*n + 163. What is the tens digit of p(-13)?
8
Let s be (0 - -3) + (-2 - -15). Suppose -s*l = -23*l + 609. What is the units digit of l?
7
What is the tens digit of ((-210)/126)/(-2 - 6339/(-3177))?
5
Suppose 0 = 4*g - 0*v - 5*v + 43, 5*v + 41 = -3*g. What is the units digit of (-7)/((-7)/(-3)) - g?
9
Suppose -3*f - 117 = 3*g, -1 = 2*g + 9. Let u = 29 + f. What is the tens digit of 576/15 - (-2)/u?
3
Let d(k) = 24*k - 3. Let c be d(6). What is the units digit of c*(5 + 39/(-9))?
4
Suppose 4*h - 18 = -2. Suppose h*k = 5*k - 32. What is the tens digit of k?
3
Let n(l) = l**3 - 15*l**2 - l + 19. Let w be n(15). What is the units digit of (3 - 1/1)*(w - 2)?
4
Suppose 3*p + 3*b = 9, -10 = -4*p - 3*b + 2. Suppose -47 = -p*u + 2*u. What is the units digit of u?
7
Suppose -3*d - 3*g + 57 = 0, 3*g - 6*g - 15 = 0. Suppose 0*u + d = 4*u - 4*k, k = 4*u - 24. What is the units digit of u?
6
Suppose 34*m - 57040 = 14*m. What is the thousands digit of m?
2
Let c(g) = 198*g**3 + g**2 - 18*g + 39. What is the tens digit of c(2)?
9
Suppose 16*x = 20*x - 8. Suppose -4*p = -4, 4 = x*u - 2*p - 6. What is the units digit of u?
6
Let p = -27 - -32. Suppose -n = 2*k - 47, k = 5*n + 1 - p. What is the units digit of k?
1
Let d = 1283 + -881. What is the units digit of d?
2
Suppose 2*w - 18 = -w. Let g be (5 - -5)/(4/w). Suppose -g - 1 = -2*h. What is the units digit of h?
8
Let b = -3180 + 5749. What is the units digit of b?
9
Let r(y) = -5*y**2 + 6*y - 1. Let l(j) = 4*j**2 - 6*j + 2. Let v(w) = 4*l(w) + 3*r(w). Let a be v(3). What is the units digit of (a - -2) + 22 + -3?
7
Let w(v) be the first derivative of -23*v**2/2 + 32*v + 6. What is the tens digit of w(-9)?
3
Suppose -5*u = -4*m - 1, m + m = 2. Let z be (u - 41)/((-10)/(-15)). What is the units digit of (-1 - 0)/(3/z)?
0
Let m = -23 + 14. Let b = -1 - m. Suppose -b*i + 3*i + 50 = 0. What is the tens digit of i?
1
Suppose -91547 = -68*l + 96609. What is the hundreds digit of l?
7
Suppose k - 18 = 126. Suppose -66 - 40 = -53*i. Suppose -i*a + k + 36 = 3*z, -z + 49 = -3*a. What is the tens digit of z?
5
Let o(g) = -4*g + 1. Let j be (-2)/4 - (-8)/(-16). Let r be o(j). Let z = r + 18. What is the tens digit of z?
2
Suppose 4*x - 576 = -4*n, -5*x + 0*n + 720 = -n. Suppose 3*c - x = -5*w - 0*c, -2*c = 4*w - 116. What is the tens digit of w?
3
Let z = 2 + 15. Suppose -5*x + d = -85, 0*x + 4*d - z = -x. What is the units digit of x?
7
Suppose -3*h - h = -3*p + 182, 0 = -2*p - 2*h + 98. Let c be 4/(-4) + -8 - -32. Let o = p - c. What is the tens digit of o?
3
Let z(u) be the second derivative of u**4/12 - u**2 + u. Suppose -l = 3*l + 8. What is the units digit of z(l)?
2
Let s(i) = -3*i + 29. Let w be s(9). What is the tens digit of 35/(-5)*(40/(-14))/w?
1
Suppose 0 = 27*r - 32*r + 25. Let i = 6 - 4. Suppose -r*w + 81 = -i*w. What is the units digit of w?
7
Let c = -9 - -16. Suppose -5*d = -3 - c. Suppose b + 22 = d*b. What is the units digit of b?
2
Suppose -4*a + 4*i - 12 = 0, -5*i + 3 = -4*a - 13. Let h be a - (2 + (-78)/3). Suppose 0*c - h = -c. What is the units digit of c?
5
Let b(i) = 2*i**2 - 20*i + 124. What is the hundreds digit of b(9)?
1
What is the units digit of 2676 - (-11)/((-99)/(-18))?
8
Suppose 2 = 2*m - 4. Suppose m*b = -2*w + 364, -2*w + 420 = 2*b + 56. What is the hundreds digit of w?
1
Let s = 4571 + -1599. What is the thousands digit of s?
2
Let l be ((-4)/(-16))/(1/8). Suppose 3*i + l*i = 125. What is the units digit of i?
5
Let t be ((-1482)/(-65))/((-2)/(-1040)). What is the units digit of (-2)/(-15) + t/180?
6
Let c(x) = 6*x + 19. Let y be c(-6). Let j(b) = -4*b - 42. Let h be j(y). Let w = h + -20. What is the units digit of w?
6
Suppose 99*z + p = 97*z + 6393, 0 = -2*z + 5*p + 6375. What is the hundreds digit of z?
1
Let x(r) = -3*r + 24. Let o be x(-13). Suppose d = 6 + o. What is the tens digit of d?
6
Let m(z) be the third derivative of z**5/60 + z**3/6 + 9*z**2. Let t be m(2). Suppose 2*x - 5*x + 2*b = -44, -t*x = 2*b - 100. What is the units digit of x?
8
Let j = 1526 + -440. What is the tens digit of j?
8
Suppose -z + 0*z + 9 = -3*b, 0 = 2*b + 4*z + 6. What is the tens digit of (2/b)/((-22)/495)?
1
Suppose 3*b = -0*b - 318. What is the tens digit of b/(-3) + (-12)/36?
3
Suppose -14 = -3*n - k, 5*n - 5 = 3*k + 9. Suppose n*l = 7*l - 213. Suppose 4*g - f - l = 0, -4*g - 3*f + 95 = 4. What is the tens digit of g?
1
Let z = -6080 - -8915. What is the tens digit of z?
3
Let v(z) = 5*z**2 - z + 7. Let i(b) = b + 1. Let p(h) = 5*i(h) - v(h). Let j be p(4). Let c = 105 + j. What is the tens digit of c?
4
Suppose -3*p + 0*p + 1950 = 0. Suppose -4*u + 1 = 2*f - 247, 4*u - p = -5*f. What is the units digit of f?
4
Suppose -380 = 6*y - 11*y. Let w = 124 - y. Let p = 87 - w. What is the units digit of p?
9
Suppose 2*n - 14 = -4. Suppose c = -2*j + 24, 4*c = n*j + 38 + 19. What is the tens digit of c?
1
Let g = -34 - -43. Let w(z) = 4*z - 20. What is the tens digit of w(g)?
1
Suppose -17517 = -6*v - 4671. What is the tens digit of v?
4
Let r(s) = s**3 - 6*s**2 + 8*s - 1. Let w be r(6). Suppose -w = -3*f + 1. What is the units digit of f?
6
Let q be (3 + -1)/(5/10). Suppose 4*v = -4*k + 16, q = 2*v - v + 4*k. Suppose 0*x + 3*x - 61 = -2*n, -2*x - 82 = -v*n. What is the units digit of n?
3
Let u = -43 + 33. What is the tens digit of u/(-55) - (-1)/((-11)/(-966))?
8
Let u be (-9)/2 - (-2)/4. Let y = u + 15. What is the tens digit of y?
1
Suppose 0 = p + 3*q - 49, -4*p - 3*q = -2*p - 83. Suppose -p = 3*k - 1. Let o = -3 - k. What is the units digit of o?
8
Let g = 69 + -63. Suppose g = -2*x, -x + 3 = -3*z + 207. What is the tens digit of z?
6
What is the tens digit of 6/45 + (-3146)/(-30)?
0
Let g = 4 - -9. Let j(c) = -c**3 + 14*c**2 - 13*c + 4. Let a be j(g). Suppose 3*z - a*s = -11, -2*s - s = 2*z - 21. What is the units digit of z?
3
What is the units digit of 8804*(-5)/(-20) - (7 - 1)?
5
Suppose -7*i = -2*i. Suppose 0 = -4*y - i*y + 424. What is the hundreds digit of y?
1
Let s be (-275)/(-15) - (-1)/(-3). Let d be (s/(-21))/(4/(-28)). Suppose d*g - 5*g - 31 = 0. What is the units digit of g?
1
Let d(o) = -o**3 + 5*o**2 - o - 7. Let t be d(4). Suppose -2*v + 15 = 5*z, -v + 0 = -t. Let n = z + 6. What is the units digit of n?
7
What is the hundreds digit of (0 - 3532/6)/(18/(-54))?
7
Let z(x) = x**3 + x**2 - x + 10. Let h be z(8). Let o = h + -338. Suppose 0 = -6*l + l + o. What is the tens digit of l?
4
Let s(f) = f**3 - 37*f**2 + 3*f - 66. What is the units digit of s(37)?
5
Let b(p) = p**2 - 19*p - 40. What is the units digit of b(24)?
0
Let i(q) = -q**3 + 11*q**2 - 2 - 57*q + 58*q + 9*q**2. What is the tens digit of i(20)?
1
Suppose 0 = 5*c - 15, 0 = 4*g - 7*c + 2*c - 2341. What is the tens digit of g?
8
Let r = -56 - -309. Let l = -134 + r. What is the units digit of l?
9
Let p = 91 + -56. Let x = p + -20. What is the tens digit of x?
1
Let b = 366 + 86. What is the hundreds digit of b?
4
Let t(y) = -199*y - 54. What is the units digit of t(-5)?
1
Suppose 4*n + 4*h - 15648 = 0, -5*n + 113*h + 19564 = 114*h. What is the hundreds digit of n?
9
Let m(c) = c**2 + 4. Let t be m(0). Suppose 134 = t*q + 26. What is the tens digit of q?